ivide 82714712?
True
Does 376 divide 8773584?
True
Does 68 divide 1254856292?
True
Does 3681 divide 93587460?
False
Is 448636160 a multiple of 112?
True
Does 8 divide 853571125?
False
Does 2062 divide 10718276?
True
Is 104 a factor of 338299286?
False
Is 2478 a factor of 1521258177?
False
Does 12002 divide 1616621392?
True
Does 430 divide 1234137410?
True
Is 15 a factor of 1721653869?
False
Is 9865 a factor of 372798350?
True
Does 167 divide 57701844?
False
Is 337030005 a multiple of 39?
True
Is 15069888 a multiple of 288?
True
Does 116 divide 1090722712?
True
Is 173404376 a multiple of 433?
True
Is 1406 a factor of 32023056?
True
Is 69 a factor of 51390919?
False
Does 31 divide 97121119?
False
Does 882 divide 34076070?
True
Is 310 a factor of 4138306923?
False
Is 50 a factor of 4248535?
False
Is 91538508 a multiple of 7?
False
Is 26 a factor of 64827984?
True
Is 69830020 a multiple of 503?
False
Is 1674948135 a multiple of 1995?
True
Is 476258967 a multiple of 29?
True
Is 55 a factor of 741421423?
False
Is 536 a factor of 422422672?
True
Is 163 a factor of 535188239?
False
Does 36 divide 170409326?
False
Is 858 a factor of 1105107?
False
Does 9 divide 154367109?
True
Is 205 a factor of 5422204?
False
Does 108 divide 401403310?
False
Does 8 divide 122768320?
True
Is 47 a factor of 203106599?
True
Is 9559618 a multiple of 9?
False
Is 53639241 a multiple of 67?
False
Is 816 a factor of 10606368?
True
Is 2882478565 a multiple of 461?
True
Does 47 divide 2621841011?
False
Is 18695340 even?
True
Is 8050350 a multiple of 615?
True
Does 2 divide 7630913?
False
Does 221 divide 130490334?
True
Does 92 divide 581141078?
False
Is 739767228 a multiple of 303?
True
Is 14 a factor of 59611146?
True
Is 46 a factor of 240432524?
True
Does 411 divide 192702707?
False
Is 1284 a factor of 14106024?
True
Does 881 divide 300231235?
False
Does 6742 divide 18506790?
True
Does 218 divide 495955668?
True
Is 41 a factor of 91892316?
True
Does 4 divide 924846893?
False
Is 955466633 a multiple of 352?
False
Does 8 divide 58237226?
False
Is 874137135 a multiple of 774?
False
Is 117852708 a multiple of 6?
True
Is 1251 a factor of 117830439?
True
Does 1202 divide 15289041?
False
Does 20 divide 1880253100?
True
Does 65 divide 1177400965?
True
Does 32 divide 8538002082?
False
Is 16 a factor of 1184317584?
True
Does 1561 divide 535655589?
True
Is 8 a factor of 94450618?
False
Is 954755480 a multiple of 5?
True
Is 10 a factor of 142862901?
False
Does 99 divide 649822140?
True
Does 10 divide 29836558?
False
Is 401730664 a multiple of 709?
False
Is 24748136 a multiple of 232?
True
Does 60 divide 333960720?
True
Is 213468959 a multiple of 706?
False
Is 24841666 a multiple of 66?
False
Is 8045048 a multiple of 4?
True
Does 33 divide 438973187?
False
Does 35 divide 143175480?
True
Is 7025126 a multiple of 4845?
False
Does 351 divide 923824278?
True
Is 45 a factor of 13816080?
True
Is 107240182 a multiple of 1821?
False
Is 887 a factor of 859779791?
False
Does 33 divide 1540989574?
False
Is 95936150 a multiple of 25?
True
Is 239 a factor of 6359112?
False
Is 55825280 a multiple of 80?
True
Is 4963474 even?
True
Does 36 divide 19124856?
True
Is 9664221 a multiple of 2?
False
Is 287 a factor of 21635782?
True
Is 6 a factor of 31716709?
False
Is 21 a factor of 2347615830?
True
Does 887 divide 3146429?
False
Does 45 divide 96898995?
True
Is 10681860 a multiple of 20?
True
Is 153 a factor of 24770655?
False
Does 185 divide 183767393?
False
Is 1885 a factor of 763421775?
False
Is 23 a factor of 1899295641?
False
Is 2521 a factor of 173301208?
False
Is 313312662 a multiple of 6?
True
Does 96 divide 46955186?
False
Is 156 a factor of 195571272?
True
Is 1968 a factor of 72401599?
False
Does 247 divide 71975897?
False
Is 1427336732 a multiple of 236?
True
Is 100 a factor of 1161212100?
True
Is 919 a factor of 76245408?
False
Is 29263160 a multiple of 956?
True
Does 3 divide 537226362?
True
Is 860 a factor of 275588720?
True
Does 1031 divide 36875777?
True
Is 2 a factor of 7051526?
True
Is 554297648 a multiple of 8?
True
Is 12190 a factor of 2453276947?
False
Is 34151333 a multiple of 5003?
False
Is 10 a factor of 290396770?
True
Is 53 a factor of 34980491?
False
Does 2 divide 8987676?
True
Is 1134247105 a multiple of 637?
False
Is 3312996741 a multiple of 7666?
False
Does 6 divide 371744675?
False
Is 140 a factor of 148058617?
False
Is 534 a factor of 524359164?
True
Does 6 divide 23408993?
False
Is 154580262 a multiple of 393?
True
Does 13 divide 114780655?
False
Does 709 divide 497230917?
True
Is 93 a factor of 105465069?
True
Is 21 a factor of 43356243?
True
Does 2 divide 72925547?
False
Is 1942 a factor of 3014630686?
True
Is 7002 a factor of 2324957087?
False
Is 106510504 a multiple of 35?
False
Is 100807128 a multiple of 536?
True
Is 10001916 a multiple of 4?
True
Does 117 divide 448937073?
True
Is 39977415 a multiple of 31?
False
Is 109028739 a multiple of 5093?
False
Is 1496447 a multiple of 18?
False
Is 922409664 a multiple of 132?
True
Does 229 divide 16079922?
True
Does 2 divide 183359597?
False
Is 3 a factor of 12284379?
True
Is 17 a factor of 2151097142?
True
Is 419 a factor of 59953872?
True
Is 82357807 a multiple of 67?
True
Does 3131 divide 3666401?
True
Is 1808 a factor of 105543808?
True
Is 12 a factor of 260975508?
True
Is 58638469 a multiple of 47?
True
Is 30358871 a multiple of 2704?
False
Does 470 divide 56054550?
True
Is 3756 a factor of 1802867424?
False
Is 74669143 a multiple of 5?
False
Does 13 divide 938505698?
True
Is 15 a factor of 86739886?
False
Is 634 a factor of 7097552?
False
Is 211788515 a multiple of 838?
False
Does 543 divide 9992829?
True
Is 5253480 a multiple of 45?
True
Is 197505425 a multiple of 8?
False
Does 1841 divide 100798432?
True
Is 3254841 a multiple of 4?
False
Is 583199943 a multiple of 17?
True
Is 808636034 a multiple of 65?
False
Is 249807706 a multiple of 192?
False
Does 76 divide 628607704?
True
Is 65 a factor of 300906498?
False
Is 33130389 a multiple of 92?
False
Is 74799178 a multiple of 3?
False
Is 119655585 a multiple of 45?
True
Is 40125624 a multiple of 745?
False
Is 1440 a factor of 247967943?
False
Is 21 a factor of 72174312?
True
Is 6821128 a multiple of 609?
False
Is 139485620 a multiple of 16?
False
Is 4173001980 a multiple of 68?
False
Is 2933 a factor of 1164991624?
False
Does 361 divide 2401796897?
True
Is 1486 a factor of 38671598?
False
Is 85 a factor of 26700880?
True
Does 832 divide 15236721?
False
Is 478429210 a multiple of 35?
True
Is 722650 a multiple of 80?
False
Is 106894984 a multiple of 9?
False
Is 2680160 a multiple of 5?
True
Does 568 divide 166850000?
True
Is 142230042 a multiple of 13?
False
Is 174 a factor of 169670706?
True
Is 5459894 even?
True
Is 7848304 a multiple of 11?
False
Is 28560127 a multiple of 5341?
False
Is 1398419505 a multiple of 15?
True
Does 2 divide 198872698?
True
Is 15943789 a multiple of 67?
True
Does 6 divide 25075056?
True
Is 67 a factor of 132867903?
False
Is 592 a factor of 54391184?
True
Does 106 divide 1042339022?
True
Is 5 a factor of 6722219?
False
Does 219 divide 160823547?
False
Does 12 divide 961808010?
False
Does 1913 divide 38466681?
False
Is 1100926671 a multiple of 39?
True
Does 201 divide 361577329?
False
Does 1761 divide 19732005?
True
Is 413 a factor of 42299622?
False
Is 35500340 a multiple of 9?
False
Is 1442 a factor of 160347713?
False
Is 140 a factor of 3055220?
True
Is 336968820 a multiple of 20?
True
Does 30 divide 13045110?
True
Does 6 divide 142382457?
False
Is 56033822 a multiple of 1166?
False
Is 10 a factor of 72728231?
False
Is 794904751 a multiple of 87?
False
Is 34215445 a multiple of 36?
False
Is 1702220660 a multiple of 7?
True
Does 8649 divide 2807525363?
False
Does 7 divide 369657596?
True
Does 1071 divide 664725789?
True
Is 17677756 a multiple of 117?
False
Is 2353499610 a multiple of 805?
True
Is 26916696 a multiple of 2547?
True
Is 4808 a factor of 186737912?
True
Does 977 divide 14806166?
False
Is 4194 a factor of 600019037?
False
Does 35 divide 229091485?
True
Does 20 divide 1473205540?
True
Does 2071 divide 659825172?
False
Does 23 divide 7184648?
True
Is 3340440560 a multiple of 7298?
True
Does 46 divide 403409604?
True
Is 13917372 a multi